e
Is 13587773 prime?
False
Is 130981 prime?
True
Is 1280723 prime?
False
Is 1772207 a prime number?
False
Is 13193597 a prime number?
False
Is 452021 a composite number?
True
Is 3111481 a composite number?
False
Is 10087339 a composite number?
False
Is 185609999 a prime number?
True
Is 1266397 a prime number?
False
Is 24206305 composite?
True
Is 21337213 a prime number?
True
Is 26575889 prime?
False
Is 1678683 composite?
True
Is 1359305 composite?
True
Is 562231 composite?
False
Is 3124067 composite?
True
Is 1090339 composite?
True
Is 13872997 a prime number?
True
Is 1918043 a prime number?
False
Is 15348413 a composite number?
False
Is 7900051 prime?
False
Is 13316837 prime?
False
Is 60709133 a composite number?
False
Is 2032271 composite?
False
Is 601971 a prime number?
False
Is 5571011 composite?
True
Is 190123433 a prime number?
True
Is 16871251 prime?
False
Is 154181 composite?
False
Is 9812827 composite?
True
Is 21330929 a composite number?
False
Is 15642721 prime?
True
Is 5198849 prime?
True
Is 2364826 a prime number?
False
Is 1552079 composite?
False
Is 76267391 prime?
True
Is 1268893 prime?
False
Is 328087 a prime number?
False
Is 2293897 composite?
True
Is 4729201 a prime number?
False
Is 193113317 composite?
True
Is 202567 composite?
False
Is 2057291 prime?
True
Is 8136743 composite?
False
Is 95590289 a composite number?
True
Is 2064761 prime?
True
Is 70377091 composite?
True
Is 6036049 a prime number?
False
Is 52907159 a composite number?
True
Is 94427209 a prime number?
False
Is 380142265 composite?
True
Is 239114137 a prime number?
True
Is 11896207 a composite number?
False
Is 700277 prime?
True
Is 92480851 a prime number?
True
Is 4082369 composite?
True
Is 8877509 composite?
True
Is 8196899 composite?
False
Is 84582335 composite?
True
Is 4057915 a composite number?
True
Is 355394731 composite?
True
Is 41517613 a composite number?
False
Is 1546099 a composite number?
True
Is 7455179 prime?
True
Is 53547523 a composite number?
True
Is 19022329 prime?
False
Is 2050481 a prime number?
True
Is 643597253 a composite number?
True
Is 35172109 a composite number?
True
Is 118595149 a composite number?
True
Is 4302961 a composite number?
True
Is 1689431 a prime number?
True
Is 93537877 prime?
True
Is 1194569 a composite number?
True
Is 102666839 prime?
False
Is 17337583 prime?
False
Is 132787639 a prime number?
False
Is 82788113 a prime number?
False
Is 14321321 prime?
False
Is 15285817 a prime number?
True
Is 650059 composite?
False
Is 2359519 a prime number?
True
Is 34923703 a composite number?
False
Is 305581 composite?
False
Is 1192651 prime?
True
Is 810137 a composite number?
False
Is 13773751 prime?
True
Is 13858217 composite?
False
Is 73924967 prime?
False
Is 4158001 prime?
True
Is 84615991 prime?
False
Is 3777573 prime?
False
Is 288007867 composite?
True
Is 17595791 prime?
True
Is 20304691 a prime number?
False
Is 2185413 a prime number?
False
Is 204808481 composite?
True
Is 17361607 prime?
False
Is 4641173 composite?
True
Is 999728623 composite?
False
Is 1222451 a prime number?
False
Is 495567803 a prime number?
False
Is 875729 composite?
True
Is 33619463 a composite number?
False
Is 6305227 composite?
True
Is 1006139 prime?
False
Is 3003307 a prime number?
True
Is 758837 composite?
False
Is 771551 composite?
True
Is 598537 a prime number?
True
Is 67310569 prime?
True
Is 179751389 a composite number?
False
Is 460813 prime?
True
Is 17201185 a composite number?
True
Is 1352105 a composite number?
True
Is 1708417 a composite number?
True
Is 33408449 prime?
False
Is 12763693 a composite number?
False
Is 2701217279 composite?
False
Is 4055399 a composite number?
False
Is 8126861 a prime number?
False
Is 4357894 prime?
False
Is 2902927 a composite number?
False
Is 8382929 a prime number?
True
Is 47397694 a prime number?
False
Is 6158617 a prime number?
False
Is 6930619 composite?
False
Is 2165057 composite?
False
Is 2240191 composite?
False
Is 97627 a prime number?
False
Is 1040363 a prime number?
False
Is 3783169 a composite number?
True
Is 3959867 a prime number?
False
Is 140341 a composite number?
True
Is 21327031 a composite number?
True
Is 85871263 prime?
True
Is 617580931 a prime number?
False
Is 6838319 a prime number?
False
Is 9177866 a prime number?
False
Is 2557039 a composite number?
True
Is 1800077 composite?
True
Is 6537109 a composite number?
False
Is 75770047 a prime number?
False
Is 9991097 a composite number?
True
Is 185867867 prime?
False
Is 1744415 composite?
True
Is 26117549 a composite number?
False
Is 998336717 composite?
True
Is 552841 composite?
False
Is 12642631 prime?
True
Is 195394597 a prime number?
True
Is 140754737 a composite number?
False
Is 11895341 prime?
True
Is 24733 a composite number?
False
Is 24693737 composite?
False
Is 3390769 a composite number?
True
Is 3459179 composite?
False
Is 501959 prime?
False
Is 23220061 a composite number?
True
Is 2022409 prime?
False
Is 537654589 composite?
False
Is 491524727 a composite number?
False
Is 19436929 a composite number?
False
Is 240998143 a prime number?
True
Is 32344639 composite?
True
Is 268997219 composite?
False
Is 48309671 prime?
True
Is 2878319 a prime number?
False
Is 23840709 a composite number?
True
Is 476443 prime?
False
Is 3767557 a prime number?
False
Is 10929557 a prime number?
True
Is 151956979 a prime number?
True
Is 6538991 prime?
True
Is 2607263 composite?
True
Is 2179669 a prime number?
False
Is 13125829 prime?
False
Is 35528993 a composite number?
True
Is 4226333 prime?
True
Is 98671 composite?
True
Is 1125899 prime?
True
Is 1877591 a composite number?
True
Is 23456417 a prime number?
True
Is 33104647 prime?
True
Is 15725791 a composite number?
False
Is 10920983 composite?
False
Is 33136039 prime?
True
Is 630143 composite?
True
Is 82958017 a composite number?
True
Is 8470589 prime?
True
Is 20711 prime?
False
Is 18244987 a prime number?
True
Is 7563761 composite?
False
Is 60029527 a prime number?
True
Is 123058853 composite?
True
Is 208037051 composite?
True
Is 269430493 prime?
True
Is 2785526 composite?
True
Is 42371509 a prime number?
False
Is 97832701 a composite number?
False
Is 1423547 a composite number?
False
Is 245125679 a prime number?
False
Is 157103 composite?
False
Is 71463365 composite?
True
Is 24197714 a composite number?
True
Is 30121241 a prime number?
True
Is 2117233 composite?
False
Is 291919519 a prime number?
False
Is 147204091 a prime number?
True
Is 21973667 a prime number?
False
Is 77053 a composite number?
True
Is 117953653 composite?
True
Is 2115989 a prime number?
False
Is 164461517 composite?
True
Is 3389147 a composite number?
False
Is 406231765 a prime number?
False
Is 16965901 prime?
True
Is 1085509 a prime number?
True
Is 6692069 a prime number?
False
Is 242892913 a composite number?
True
Is 53292703 a prime number?
False
Is 24619291 a composite number?
False
Is 41176471 a prime number?
False
Is 262901137 a composite number?
True
Is 29306561 a composite number?
False
Is 64435123 a prime number?
False
Is 55387441 prime?
True
Is 21680941 prime?
False
Is 53997961 prime?
True
Is 2427577 prime?
False
Is 65714617 a composite number?
False
Is 964787 prime?
True
Is 527112803 a composite number?
True
Is 351887 a composite number?
False
Is 215675873 prime?
False
Is 157036967 a prime number?
True
Is 115880771 a composite number?
True
Is 465373 a composite number?
False
Is 103364459 composite?
True
Is 24262733 prime?
False
Is 2228257 composite?
True
Is 10029323 a composite number?
False
Is 1582003 composite?
True
Is 48035587 prime?
True
Is 1622849 a composite number?
False
Is 7934669 prime?
True
Is 3031999 prime?
True
Is 4684759 composite?
False
Is 18887369 prime?
False
Is 6243239 composite?
False
Is 2275027 a composite number?
False
Is 111329 composite?
True
Is 4384577 prime?
True
Is 5850631 prime?
True
Is 1777339 prime?
True
Is 805291 a composite number?
True
Is 280207 composite?
False
Is 858719 prime?
False
Is 133685 a prime number?
False
Is 11503351 composite?
False
Is 59865721 prime?
False
Is 50437819 prime?
True
Is 120931211 a prime number?
True
Is 1587959 a prime number?
True
Is 33952181 a prime number?
False
Is 24880651 a prime number?
False
Is 173224573 a prime number?
True
Is 85623859 prime?
True
Is 70011